ulate the highest common factor of 5 and 65.
5
Calculate the highest common factor of 10 and 1165.
5
What is the greatest common factor of 6858 and 216?
54
Calculate the greatest common divisor of 10 and 2540.
10
Calculate the highest common divisor of 6 and 183.
3
Calculate the highest common factor of 30 and 1770.
30
What is the highest common divisor of 1065 and 71?
71
What is the highest common factor of 101 and 101?
101
Calculate the highest common factor of 1180 and 16.
4
What is the greatest common factor of 12 and 10684?
4
What is the highest common factor of 14746 and 146?
146
Calculate the greatest common factor of 194 and 291.
97
What is the highest common factor of 126 and 882?
126
What is the highest common factor of 3 and 12138?
3
Calculate the highest common divisor of 24 and 120.
24
Calculate the highest common divisor of 472 and 14750.
118
What is the greatest common divisor of 702 and 507?
39
Calculate the greatest common divisor of 1044 and 72.
36
Calculate the greatest common divisor of 8 and 52.
4
What is the highest common divisor of 94 and 4?
2
Calculate the greatest common factor of 12 and 1584.
12
What is the highest common factor of 52 and 5096?
52
Calculate the greatest common factor of 1256 and 184.
8
Calculate the greatest common factor of 432 and 162.
54
Calculate the highest common divisor of 14544 and 202.
202
Calculate the greatest common divisor of 15 and 55.
5
Calculate the highest common divisor of 183 and 1891.
61
What is the greatest common divisor of 40 and 440?
40
What is the greatest common divisor of 299 and 161?
23
Calculate the highest common factor of 1102 and 152.
38
Calculate the highest common divisor of 67 and 3149.
67
What is the highest common factor of 5 and 785?
5
What is the highest common factor of 213 and 3?
3
Calculate the highest common factor of 66 and 30.
6
What is the highest common factor of 28907 and 211?
211
Calculate the highest common factor of 13635 and 135.
135
What is the highest common factor of 1086 and 48?
6
What is the highest common factor of 11 and 4323?
11
Calculate the greatest common factor of 9 and 7.
1
Calculate the highest common divisor of 2288 and 64.
16
What is the highest common divisor of 400 and 2225?
25
What is the highest common divisor of 1414 and 420?
14
What is the highest common divisor of 162 and 30?
6
Calculate the greatest common divisor of 4 and 634.
2
What is the highest common factor of 28 and 70?
14
What is the highest common factor of 324 and 6?
6
Calculate the highest common divisor of 1180 and 640.
20
Calculate the highest common divisor of 735 and 1875.
15
What is the highest common factor of 107 and 4601?
107
What is the greatest common factor of 43757 and 98?
49
What is the greatest common divisor of 2645 and 230?
115
Calculate the highest common factor of 20 and 12.
4
Calculate the highest common divisor of 522 and 36.
18
Calculate the greatest common divisor of 6 and 1686.
6
Calculate the highest common factor of 48 and 138.
6
What is the highest common factor of 800 and 40?
40
What is the highest common factor of 7 and 63?
7
What is the greatest common divisor of 24 and 278?
2
Calculate the greatest common factor of 18 and 48.
6
Calculate the greatest common factor of 288 and 306.
18
What is the greatest common factor of 580 and 696?
116
What is the greatest common divisor of 39 and 1586?
13
Calculate the highest common divisor of 1648 and 128.
16
What is the highest common divisor of 2285 and 25?
5
Calculate the highest common factor of 180 and 20.
20
Calculate the highest common factor of 4465 and 5.
5
What is the greatest common factor of 98 and 1918?
14
What is the highest common factor of 4117 and 23?
23
Calculate the highest common divisor of 217 and 161.
7
Calculate the greatest common divisor of 18710 and 10.
10
Calculate the highest common factor of 10 and 1050.
10
Calculate the highest common factor of 4104 and 36.
36
What is the greatest common factor of 209 and 693?
11
What is the greatest common divisor of 2628 and 108?
36
What is the highest common factor of 1476 and 36?
36
Calculate the greatest common divisor of 25 and 10350.
25
Calculate the highest common factor of 4928 and 231.
77
What is the greatest common factor of 13 and 455?
13
Calculate the highest common divisor of 2 and 137.
1
What is the greatest common factor of 48 and 112?
16
Calculate the greatest common divisor of 10 and 110.
10
Calculate the greatest common divisor of 48 and 2064.
48
What is the greatest common factor of 46925 and 25?
25
Calculate the greatest common factor of 16 and 4096.
16
Calculate the highest common divisor of 42 and 350.
14
What is the highest common factor of 1458 and 6?
6
What is the highest common factor of 315 and 1050?
105
What is the highest common factor of 57 and 8037?
57
What is the highest common divisor of 18 and 558?
18
What is the highest common factor of 122 and 3721?
61
What is the highest common factor of 33 and 22?
11
Calculate the greatest common factor of 64 and 8384.
64
What is the greatest common factor of 135 and 7785?
45
What is the greatest common factor of 10 and 1910?
10
Calculate the highest common factor of 71749 and 457.
457
Calculate the highest common factor of 550 and 5300.
50
What is the greatest common factor of 1221 and 66?
33
Calculate the highest common factor of 90 and 855.
45
What is the highest common divisor of 22 and 638?
22
What is the greatest common factor of 10 and 202?
2
What is the highest common divisor of 25 and 1?
1
Calculate the greatest common divisor of 539 and 1813.
49
What is the greatest common factor of 374 and 66?
22
Calculate the highest common factor of 1464 and 183.
183
Calculate the greatest common factor of 2436 and 420.
84
What is the greatest common divisor of 48 and 120?
24
What is the highest common divisor of 55 and 22?
11
What is the greatest common factor of 1248 and 39?
39
What is the highest common divisor of 208 and 112?
16
What is the greatest common divisor of 5 and 4?
1
What is the greatest common divisor of 52 and 468?
52
What is the greatest common factor of 143 and 351?
13
What is the greatest common divisor of 1 and 135?
1
What is the greatest common factor of 5 and 115?
5
Calculate the highest common factor of 3 and 15627.
3
Calculate the greatest common divisor of 90 and 90.
90
Calculate the highest common factor of 387 and 27.
9
Calculate the greatest common divisor of 37 and 296.
37
Calculate the greatest common divisor of 3290 and 182.
14
Calculate the greatest common divisor of 119 and 448.
7
Calculate the greatest common factor of 20 and 740.
20
What is the highest common divisor of 217 and 34069?
217
What is the greatest common factor of 8 and 70?
2
Calculate the highest common factor of 576 and 180.
36
What is the highest common factor of 150 and 24?
6
Calculate the greatest common divisor of 441 and 5439.
147
What is the highest common factor of 16 and 184?
8
Calculate the highest common divisor of 1700 and 4.
4
What is the highest common divisor of 5648 and 48?
16
Calculate the highest common factor of 276 and 2400.
12
Calculate the greatest common factor of 37434 and 204.
102
Calculate the highest common factor of 108 and 1116.
36
What is the highest common factor of 1398 and 12?
6
Calculate the highest common divisor of 162 and 9.
9
What is the greatest common divisor of 43 and 52632?
43
What is the highest common factor of 121 and 44?
11
What is the greatest common factor of 380 and 60?
20
What is the greatest common divisor of 2088 and 144?
72
Calculate the greatest common divisor of 72 and 10896.
24
What is the highest common divisor of 13 and 247?
13
Calculate the greatest common factor of 70 and 56.
14
What is the greatest common divisor of 66 and 96?
6
Calculate the greatest common factor of 40005 and 315.
315
Calculate the highest common divisor of 19 and 437.
19
Calculate the greatest common divisor of 621 and 189.
27
Calculate the greatest common factor of 767 and 59.
59
What is the highest common divisor of 4675 and 68?
17
What is the highest common divisor of 104 and 78?
26
What is the greatest common factor of 70 and 28?
14
Calculate the greatest common divisor of 60 and 1140.
60
What is the highest common factor of 78 and